 f(z) = z + 1. Let l be f(-1). Suppose q - 26 - 7 = l. What is the highest common factor of 11 and q?
11
Let k = -16 - -18. Suppose k*l - 232 = -6*l. Let f(c) = -262*c**3 - 3*c**2 - c + 1. Let s be f(-1). What is the greatest common divisor of l and s?
29
Suppose -12 = -3*u - 0. Suppose 6*j = 34 - u. Suppose 0 = k - j*k + 680. What is the highest common divisor of k and 68?
34
Suppose 0 = 6*j + 252 - 1188. What is the highest common factor of j and 39?
39
Let x be 4 + 0 - (1 + 19). Let y be -4*4/(x/3). What is the highest common factor of 24 and y?
3
Let r be (-1)/5*(-5)/1. Let g(h) = -h + 0*h + 11*h**2 + 0*h. Let u be g(r). What is the greatest common factor of u and 80?
10
Let w be 4*(-2 - (-36)/8). Calculate the highest common divisor of 25 and w.
5
Let p(x) = -28*x**3 + 2*x**2 + 3*x + 1. Let z be p(-1). Suppose -3*r - 7 = -z. Suppose -42 + 266 = r*t. Calculate the highest common factor of 16 and t.
16
Let x(p) = p**3 - 7*p**2 - 35*p - 11. Let f be x(11). Let n be (-12)/(3/6 - 2). What is the greatest common divisor of n and f?
8
Let a be 20*(-7 + 462/30). Let s be (1/(-2))/((-1)/2). Let u be -2*(s + -3 + -10). What is the greatest common divisor of a and u?
24
Let w be 2446/14 + (-16)/(-56). Suppose 14*u - 3*n + 152 = 16*u, -300 = -4*u - 5*n. Calculate the highest common divisor of w and u.
35
Let i(w) = w**2 - 24*w + 5. Let l(b) = b**2 - 24*b + 4. Let u(p) = -7*i(p) + 6*l(p). Let d be u(11). What is the highest common factor of 12 and d?
12
Let u = 19 + -14. Suppose -15 = -4*a + u. Suppose -a*c = -2*c - 24. Calculate the greatest common divisor of 88 and c.
8
Let m = 184 + -128. Suppose -174*l + 173*l = -140. Calculate the greatest common factor of l and m.
28
Let n = 1102 - 1064. What is the greatest common factor of n and 6?
2
Let c be ((-12)/(-16))/(6/56). What is the highest common factor of c and 763?
7
Let v = 84 - 81. What is the highest common divisor of v and 186?
3
Suppose d + 3*q + 2*q - 90 = 0, 2*d = 3*q + 115. What is the highest common divisor of d and 10?
5
Suppose 0 = 4*i - 143 - 941. Suppose c - i = -2*z, 4*z = -z - 3*c + 678. What is the greatest common divisor of 54 and z?
27
Let i be 2 + (-8)/(16/(-4)). Suppose -3*h + 12 = 0, 0*h = -i*n - 3*h + 1212. What is the highest common divisor of 30 and n?
30
Let x = -22 - -42. Suppose 8 + x = 2*v. What is the greatest common divisor of v and 28?
14
Let v be 3/(-9) - 553/(-3). Let c = v + -121. Suppose -3*i + 51 = i - 5*x, 0 = -5*i - 2*x + 39. What is the highest common divisor of i and c?
9
Suppose -81 = -7*y + 3*y + u, 4*y = -2*u + 90. Calculate the greatest common factor of 1 and y.
1
Let i(g) = g + 10. Let r = 6 - 11. Let l be i(r). Let p(y) = -y**2 + 7*y + 2. Let h be p(l). What is the highest common divisor of 48 and h?
12
Let s(u) = 33*u - 1. Let w be s(2). Let n = 7 - 7. Let t(a) = a**2 + 2*a + 13. Let v be t(n). Calculate the greatest common divisor of v and w.
13
Let n(r) = 4*r**2 - 63*r + 5. Let t be n(16). What is the highest common divisor of t and 336?
21
Let k(i) = i**2 - 73. Let b be k(-14). What is the highest common factor of b and 164?
41
Let x(l) = 102*l**2 + 7*l + 7. Let g be x(-1). What is the highest common factor of 51 and g?
51
Let i be ((-2)/3)/(20/(-90)). Suppose -4*g + 875 = i*g. Let p(n) = -2*n + 11. Let f be p(-7). What is the highest common divisor of f and g?
25
Let f = -758 - -1099. Suppose 0 = 3*v - 180 + 87. What is the highest common factor of v and f?
31
Suppose 3*j = 2*u + 5, -15 = -2*j - 2*j + u. Let s be (2/j)/(5/(-2450)*-7). What is the greatest common factor of 8 and s?
4
Let l = 2049 + -2041. Let c(x) = 73*x**2 - 1. Let f be c(-1). What is the highest common divisor of l and f?
8
Suppose 10*g = 4*p + 428, -36 + 21 = -5*p. Let n be (2/4)/(1/8). What is the highest common divisor of n and g?
4
Suppose -612 = -n + 3*b, -5*n = 2*b - 3017 - 94. What is the highest common divisor of n and 138?
69
Suppose -4*b = -5*j + 90, 0 = j + 2*b - 3*b - 17. What is the greatest common divisor of j and 198?
22
Suppose 2*r + c = 15, 6*r + 3*c - 35 = 2*r. Suppose 11 = r*u - 4, -4*t - 4*u = -20. Let a be (t + 1)/(18/42). What is the highest common divisor of a and 7?
7
Suppose 1313 + 379 = 6*d. Suppose -2*r = 4*r - d. Suppose -4 = w, 0 = 3*q - 3*w - 370 - r. Calculate the greatest common factor of q and 27.
27
Let p = 0 - -3. Let n(k) = -99*k**3 + k**2 - 1. Let d be n(-1). Suppose -12*x + d = -9*x. Calculate the highest common factor of p and x.
3
Let s(i) = i - 6. Let a be s(4). Let z be (-2)/4*5*a. Suppose -994 = -3*n - 934. What is the greatest common divisor of n and z?
5
Let u = 335 + -331. Calculate the greatest common divisor of u and 124.
4
Let r(d) = d**3 - 9*d**2 + 21. Let q be r(9). Let b = q - 11. What is the highest common factor of 40 and b?
10
Let k(n) = n**2 - 42*n + 21. Let i be k(43). What is the greatest common factor of 48 and i?
16
Suppose 5*l + 163 = 383. Calculate the highest common factor of l and 4.
4
Suppose -n + 55 = -0*n. Let w = 136 - 114. What is the greatest common factor of n and w?
11
Let u be 36*(9/(-24) + 34/48). Let y = -191 + 275. Calculate the highest common divisor of u and y.
12
Let b(w) = -9 - 3*w**3 - w**2 + 7 + 5*w**3 - w**3. Let m be b(0). Let h be (5 - 4 - m) + 13. What is the highest common divisor of h and 32?
16
Let m(o) = 3*o + 1. Let f be m(5). Suppose 2*g - 233 = -5*r - 85, -f = -r + 3*g. Let n = 39 - r. What is the highest common divisor of 88 and n?
11
Let z be (-4)/(-5)*(-1)/8*-20. Suppose -6 - 61 = -f + w, f - 82 = -z*w. What is the greatest common divisor of f and 8?
8
Let a(j) = -27*j - 52. Let d be a(-6). What is the highest common factor of 66 and d?
22
Let y be ((-3)/6 - -1) + (-27)/(-18). Let j(k) = 17*k - 12. Let m be j(y). What is the highest common factor of m and 2?
2
Let s = -58 + 71. Let p = 161 + -18. Calculate the highest common divisor of s and p.
13
Let f = 83 - 21. Let x = f - 8. Calculate the greatest common divisor of 18 and x.
18
Let g(q) = -q**2 - 1 - 7 - 6*q + 4. Let m be g(-4). Suppose 4*o - m = 2*h, -18 = -4*h - 2. What is the highest common divisor of 9 and o?
3
Let w(p) = -p**3 - 14*p**2 - 14*p + 127. Let m be w(-12). Suppose 3*u - 4*g - 147 = 0, 5*u + 5*g - g = 245. Calculate the highest common factor of m and u.
7
Suppose -3*u + 123 = -d + 4*d, 43 = d + 2*u. Calculate the greatest common divisor of d and 26.
13
Let d(w) = 3*w + 1. Let q be d(4). Let x(o) = -o**3 - 9*o**2 - 3*o - 3. Let v be x(-9). Let c = 41 + v. What is the greatest common factor of c and q?
13
Let r(c) = 14*c + 19. Let m be r(9). What is the greatest common divisor of 435 and m?
145
Let n be (-2)/(-8) + 3 + 95/4. What is the greatest common factor of 459 and n?
27
Let o = -75 + 163. Let v be (-1 - o/4)*-1. Suppose -4*t + 5*k + 370 = 0, 3*k + v + 66 = t. What is the highest common factor of t and 38?
19
Let q(x) = 5 + 2*x**2 + 11*x + 4 + 2. Let h be q(-7). Suppose 104 - h = 4*s. Calculate the greatest common factor of 144 and s.
18
Suppose 4*b - 9*o - 107 = -10*o, 3*b - 59 = -5*o. Calculate the highest common divisor of 350 and b.
14
Let l(t) = t + 6. Let p be l(7). Suppose 3*c + 2 = -p. Let q be (c/3)/((-10)/36). What is the greatest common factor of q and 6?
6
Suppose 2*r + 2209 = 2377. Let u(p) = -43*p - 5. Let n be u(-5). Calculate the greatest common factor of r and n.
42
Suppose 0 = m + 4*c - 28, -3*m + 98 = 6*c - c. What is the greatest common factor of 3 and m?
3
Suppose -63*x + 1320 = -57*x. Calculate the greatest common factor of 44 and x.
44
Suppose -h - 4*h - 20 = 0. Let x be h*((-6)/(-4) + -3). Suppose -4*g + g + x = 0. What is the greatest common factor of g and 4?
2
Let v = -468 + 486. What is the greatest common factor of 18 and v?
18
Let n(k) = k**3 + 11*k**2 - 11*k + 6. Let s be n(-12). Let l be 137 + -6*(-4)/s. What is the highest common factor of l and 19?
19
Suppose g - 16 = -2*r + 4, r + 2*g = 16. Calculate the highest common divisor of 40 and r.
8
Let t be 1 + -1 + 40/((-6)/(-3)). Let z(d) = -d**3 + 20*d**2 + d - 15. Let p be z(t). What is the highest common factor of 45 and p?
5
Let i = -137 + 342. Calculate the greatest common divisor of i and 10.
5
Let j = 1496 + -1490. What is the greatest common factor of j and 84?
6
Suppose 0 = 3*m + 32 + 7. Let n = m - -22. What is the high